70*t + 3. Let u be i(1). Let f = 111 + u. Calculate the remainder when f is divided by 23.
21
Let t(a) = 17*a**3 - a**2 - a + 1. Let u = 1 + 8. Calculate the remainder when t(1) is divided by u.
7
Suppose -5*i - m = -182, 2*i - 44 = -4*m + 18. Let t(f) = 2*f**2 + 2*f + 1. What is the remainder when i is divided by t(2)?
11
Suppose -4*g + 2*f = -33 - 297, 5*g = 4*f + 408. Let i = g - 17. Suppose -4*a - 3*o = -6*a + 58, 4*a - 2*o = 100. What is the remainder when i is divided by a?
21
Suppose 16 - 498 = -2*g. Calculate the remainder when g is divided by 9.
7
Let d(y) be the third derivative of -y**6/120 - y**5/12 + y**4/12 + 4*y**3/3 - 7*y**2. What is the remainder when 94 is divided by d(-6)?
30
Let u = -27 - -6. Let f = 42 + u. Suppose -11 = g - 2*g. Calculate the remainder when f is divided by g.
10
Let q(v) = -v + 11. Let x be 1/3 - 2/6. Calculate the remainder when 31 is divided by q(x).
9
Let d(a) = a**2 - a. Let q be ((-12)/(-15))/((-1)/(-5)). Let l be d(q). Suppose 2*g = 5*v - 4 - 102, 4*g = -l. Calculate the remainder when v is divided by 11.
9
Let v be ((-8)/5)/(12/1410). Let n = v - -279. What is the remainder when n is divided by 23?
22
Let z be 3 + 5*(-4)/(-10). Calculate the remainder when 27 is divided by 4*z*(-4)/(-8).
7
Let l(o) = -2*o + 2. What is the remainder when l(-4) is divided by 6?
4
Let h be -12*(2 + 3 + -4). Let u = -506 + 264. Calculate the remainder when 4/h - u/6 is divided by 14.
12
Suppose s + 9 = 4*o, 6 = -4*s + 2*s + 4*o. Suppose 0 = 5*p + y - 385, 3*p - 243 + 12 = s*y. Calculate the remainder when p is divided by 26.
25
Let k = 66 + -40. Let q(h) be the first derivative of -27*h**2/2 - 4*h - 8. What is the remainder when q(-3) is divided by k?
25
Let t(s) be the third derivative of s**5/60 - s**4/6 + s**3/3 + s**2. Calculate the remainder when t(7) is divided by 8.
7
Suppose 2*x = 5*x - 12. Calculate the remainder when 8 is divided by x.
0
Suppose -t = 4*w - 20, 124 = 5*t - 4*w - 0*w. What is the remainder when t is divided by 76/6 - (-2)/6?
11
Suppose -v + 4 + 37 = 0. What is the remainder when 122 is divided by v?
40
Let j be ((-1052)/(-8))/(1/2). What is the remainder when j/5 - 15/25 is divided by 27?
25
Let d be (0 - 0)/(3 - 2). Let a(g) = -g**3 + 5*g**2 + g + 3. What is the remainder when 11 - -2 - (d - 2) is divided by a(5)?
7
Let y = 20 + -1. Calculate the remainder when 132 is divided by y.
18
What is the remainder when 66 is divided by (-1)/8 + (-1967)/(-56)?
31
Suppose -2*b - 4 = 4*d, -4*b = 5*d + 5 - 0. Calculate the remainder when 94 is divided by (-36)/30*(-19 + d).
22
Let i(o) = 17*o + 1. Suppose 3*a - 21 = -0*a. Let j(r) = r**2 - 4*r - 3. Calculate the remainder when i(3) is divided by j(a).
16
Let l be -1*(-3)/9*-6. Let h = 24 + -1. Calculate the remainder when h is divided by 1 + 7/(3 + l).
7
Let o(b) = 2*b - 20. Calculate the remainder when 16 is divided by o(13).
4
Let w = 22 - 13. Let f(t) = t**2 - 4*t + 4. What is the remainder when f(6) is divided by w?
7
Let x = -3 + 6. What is the remainder when x is divided by 3?
0
Suppose 4*m - 2 = 4*h - h, 4*h = -5*m + 18. Suppose -3*w + m*w = -3. What is the remainder when 5 is divided by w?
2
Let v = 248 + -408. Calculate the remainder when 13 is divided by 3/2*v/(-30).
5
Suppose 8 = k - 6. Calculate the remainder when 25 is divided by k.
11
Calculate the remainder when (-4)/(-22) + 8676/198 is divided by 15.
14
Suppose 3*o - 112 = -4*c + o, 83 = 3*c + 2*o. Calculate the remainder when 56 is divided by c.
27
Let i = -28 + 73. Calculate the remainder when i is divided by 16.
13
Suppose -4*m - d - 6 = -3*m, -2*d + 30 = -4*m. Let b(h) = h - 2. Let s be b(m). Calculate the remainder when 21 is divided by 101/9 + 2/s.
10
Suppose 2*d - 100 = -5*h, -5*h + 2*d = -160 + 40. Calculate the remainder when 55 is divided by h.
11
Suppose -3*f = 2*s - 143 - 134, -3*f + 305 = -5*s. Calculate the remainder when f is divided by 16.
15
Suppose q = 0, 4 = l + 4*q - 5*q. What is the remainder when 13 is divided by l?
1
Suppose -4*m - 7 = 21. Let o = m + 0. What is the remainder when 14 is divided by 1 + 0 - o*1?
6
Let j(k) = 4*k**2 - 15*k + 18. Let d(r) = r**2 - 5*r + 6. Let b(u) = -7*d(u) + 2*j(u). Suppose t + 7 = -0*t. What is the remainder when b(t) is divided by 5?
3
Let b be (-4)/(-18) - 204/(-54). Suppose 0 = b*u - 8, n - 6*u + u = 3. What is the remainder when n is divided by 5?
3
Let p = -59 + 108. Let l = -16 - -41. Calculate the remainder when p is divided by l.
24
Let s(h) be the second derivative of -h**4/12 + 13*h**2/2 - h. Let w(g) = -g**2 + 4*g - 3. Let j be w(3). Calculate the remainder when 37 is divided by s(j).
11
Suppose 8*s - 3*s - 10 = -5*q, -2*q - s = -7. Suppose b + 5*x + 14 - 53 = 0, 0 = -q*x + 10. Calculate the remainder when b is divided by 10.
9
Let d(q) = -8*q + 6. Calculate the remainder when d(-7) is divided by (-172)/(-8) - 2/4.
20
Let k(x) = -2*x + 3. Suppose 0 = -3*f + 18. What is the remainder when k(-7) is divided by f?
5
What is the remainder when 99 is divided by (-4 - 0)/8*-50?
24
Suppose 12 = -6*s + 4*s. What is the remainder when 26 is divided by 9/(s/(-2))*3?
8
Suppose 0 = i + i - 20. Calculate the remainder when 18 is divided by i.
8
Let r(d) be the third derivative of -d**6/120 - 3*d**2. Let w be r(-1). Suppose 4*z - 7 = w. What is the remainder when z is divided by 1?
0
Let q(t) = t**3 - 4*t**2 + 2*t - 4. What is the remainder when 6 is divided by q(4)?
2
Suppose 4*j + 50 - 14 = 0. Let i be ((-12)/j + 0)*-3. Calculate the remainder when 10*5/i*-2 is divided by 9.
7
Let y(r) = -r**3 + 3*r**2 - 3*r + 3. Let n be y(3). Calculate the remainder when n*1/((-6)/16) is divided by 9.
7
Let i(x) = -x**3 + 15*x**2 + 19*x - 17. Calculate the remainder when i(16) is divided by 8.
7
Let n be (2/6)/((-1)/(-42)). Let m(s) = -s**2 + 16*s - 5. Calculate the remainder when 45 is divided by m(n).
22
Let r = -40 + 68. What is the remainder when 137 is divided by r?
25
Let s(h) = 2*h - 1. Let z be s(-1). Let m be ((-2)/z)/(2/(-3)). Calculate the remainder when 26 is divided by (1 + 1)*(6 - m).
12
Suppose 4*m - 7 = 33. Suppose -5*q = 2*f - m - 7, 0 = 5*q - 2*f - 13. Calculate the remainder when 8 is divided by q.
2
Let p(y) = y**2 - 15*y + 20. What is the remainder when p(16) is divided by 20?
16
Let r(y) = y**3 + 7*y**2 + 6*y + 2. Let t(d) = -d**2 + 5*d. Let p be t(6). What is the remainder when 4 is divided by r(p)?
0
Suppose -2*i = 12 - 0. Suppose f - 26 - 38 = 0. Calculate the remainder when f is divided by 270/12 + 3/i.
20
Suppose 0 = x - 0*x - 4. Suppose 0 = -x*l + 12, -u + 11 = 2*l - 0*l. Suppose -2*h - h = u*t - 91, -3*t + 63 = -h. What is the remainder when t is divided by 7?
6
Let s = 168 + -116. Let q = s + -30. Calculate the remainder when 65 is divided by q.
21
Suppose -2*j + 12 = 2*j. Suppose 5*l = -d + 202, -2*l - 4*d + 26 = -44. What is the remainder when l is divided by -7*4*j/(-6)?
13
Let o(s) = 20*s + 1. Let t(h) = h - 2. Let c be t(3). Let n be c/(-4) - (-30)/24. Calculate the remainder when 40 is divided by o(n).
19
Let s = -10 - -30. Let x(v) = -v - 8. Let q be x(-8). Suppose -3*r + s - 2 = q. Calculate the remainder when 17 is divided by r.
5
Let n = 16 + 15. Let v be (-2)/1 + (-29)/(-1). Suppose 2*z - v = -5. What is the remainder when n is divided by z?
9
Suppose k - 6 = -2*k. Suppose k*m + m + 30 = 0. Let p = m + 16. What is the remainder when 10 is divided by p?
4
Let m = 0 + 3. Let h = m - 8. Calculate the remainder when 8 is divided by 0 - -4 - 5/h.
3
Let u be (-28)/2 - 7/(-7). Let h = u + 46. What is the remainder when h is divided by 17?
16
Suppose 6*q - 3*q = 18. What is the remainder when (-30)/(-105) + (-150)/(-14) is divided by q?
5
Let x = 11 + -6. Let m = 23 + -15. What is the remainder when m is divided by (x + 4)*(-2)/(-6)?
2
Suppose 2*i = -0*k - 5*k + 93, -5*k - 177 = -3*i. Let c = -9 + i. Calculate the remainder when c is divided by 16.
13
Calculate the remainder when 143 is divided by (796/(-11))/(-2) + (-4)/22.
35
Calculate the remainder when (-2)/8*-73 + 6/(-24) is divided by 7.
4
Let r(f) = -f**2 - 7*f - 7. Let s be r(-5). Let v(w) = w**3 + 5*w**2 - w + 2. Let j be v(-3). Suppose -j = -u + s. What is the remainder when u is divided by 9?
8
Suppose -l = 5*j - 10, 4*l - 3*j - 2*j - 65 = 0. Calculate 